/(-6))). Suppose -2*j + h = -j. Suppose 3*i - j = -6. List the prime factors of i.
2, 7
Let p(n) = -n + 5. Let k be p(7). What are the prime factors of (k/6)/((-4)/96)?
2
Let o(b) = 5*b - 4. Let k be o(3). Let g be 2/(-2) + -4 + -3. Let h = g + k. What are the prime factors of h?
3
Suppose -114 = -2*q + 44. List the prime factors of q.
79
Let b(y) = -y**2 + 7*y + 2. Let h(t) = t**2 + 3*t + 1. Let k be h(-6). Suppose 4*v - k = -5*d, -v + 22 = 2*v - 4*d. What are the prime factors of b(v)?
2
Let a = 0 - -42. What are the prime factors of a?
2, 3, 7
Suppose -4*u - 8 = -4*v, -5*v = 3*u - 0*v - 26. Suppose 4*h = -g + 5, -u*g + 3*h + h = -10. What are the prime factors of g?
5
Suppose 0 = k + 5, -3*y + 0*k = 2*k + 4. Let l be -4*(-3)/24*y. List the prime factors of 3/(6/3 - l).
3
Let y = 0 + 18. Suppose -7*m = -2*m - 10. Suppose -5*g = -m*g - y. What are the prime factors of g?
2, 3
Let l be (0/1)/(-4 - -6). What are the prime factors of l - (-2)/((-6)/(-27))?
3
Let r be (-1*1)/(3/27). Let v = r - -13. What are the prime factors of v?
2
Let a(k) = k + 8*k**2 - k. Let m(r) = -r**2 + 7*r + 7. Let t be m(8). List the prime factors of a(t).
2
Suppose 0 = -5*z - 2 - 13. Suppose 0 = -4*h + 22 - 2. Let i = h + z. What are the prime factors of i?
2
Let v be 1*(4/(-1) - -3). List the prime factors of 0 + v + 45 + 1.
3, 5
Let c(m) = 2 + 15*m**2 - 10*m - 15 - m + 0*m**3 - m**3. What are the prime factors of c(14)?
29
Suppose 4*l = l + 3*p + 117, 4*l + 5*p = 120. What are the prime factors of l?
5, 7
Let t(v) = -21*v - 1. Suppose -2*r = 3*r + d + 4, -6 = 2*r - 4*d. List the prime factors of t(r).
2, 5
Let o(r) = -r**2 - 8*r + 8. Let q be o(-8). Let z = q - -5. List the prime factors of z.
13
Let v = 301 + -164. What are the prime factors of v?
137
Let s = -3 + 5. Suppose 0 = m - 0*m - 3*c - 6, 4*c = s*m - 18. Suppose 2*p - m + 3 = 0. What are the prime factors of p?
2, 3
Let u(d) = d**2 - 4*d + 1. List the prime factors of u(9).
2, 23
Let a = -43 - -9. Let x = -23 - a. What are the prime factors of x?
11
Suppose 0 = 2*n + n - 48. Suppose -4*l + 44 = -n. List the prime factors of l.
3, 5
Suppose 0*j + j - 121 = -2*x, 0 = 3*x + 6. What are the prime factors of j?
5
Let p = -2 - -2. Suppose p = -2*i - 8, -i = 5*m - 3*i + 17. Let q = 10 + m. What are the prime factors of q?
5
Let d be -4*(-37 - (-2 + -1)). Suppose 3*l - 4*a = 10 + d, -5*l = -4*a - 230. List the prime factors of l.
2, 3, 7
Let m be (-4)/(-3)*15/10. Let c be -1 + -1 + 6/m. Let f = 9 + c. List the prime factors of f.
2, 5
Let i(q) = 6*q + 2. Let f(k) = k - 6. Let g be f(8). List the prime factors of i(g).
2, 7
Suppose -5 = 3*p - 26. What are the prime factors of p*1/(14/10)?
5
Suppose 0*x + 3*q = -2*x + 151, -q - 139 = -2*x. What are the prime factors of x?
71
Let h = 17 + -5. Let c = h - 7. What are the prime factors of c?
5
Suppose -2*t - 90 = -3*t. What are the prime factors of t?
2, 3, 5
Let y be ((-39)/(-9))/((-2)/36). Let r be (1/(-2))/(3/y). Suppose 0 = 4*n - 7 - r. What are the prime factors of n?
5
Let l(c) = -c**2 + 9*c + 12. Let m(x) = -6*x - 7 - x + 4*x + x. Let d be m(-8). What are the prime factors of l(d)?
2, 3
Suppose -4*g + 2*v + 116 = 0, 34 = -0*g + g - 3*v. What are the prime factors of g?
2, 7
Let w be (-6)/4*(-140)/6. List the prime factors of (w - 3) + 0/4.
2
Let f(r) = -r + 5. Let a be f(5). Suppose -c = 2*o - 29, a = o - 1 + 2. What are the prime factors of c?
31
Suppose -3*r = -5*r + 124. What are the prime factors of r?
2, 31
Suppose -5*a - 395 = -4*l, 2*l - 2*a - 301 = -105. List the prime factors of l.
5, 19
List the prime factors of (-3)/((-9)/32)*3.
2
Suppose 0 = 4*r + 2*k - 74, 0*k = -3*k - 15. What are the prime factors of r?
3, 7
Suppose 0 = -4*x - 20 + 4, 5*m + 3*x - 818 = 0. List the prime factors of m.
2, 83
Let f = -3 + 0. Let z = f + 5. Let q(r) = 8*r + 1. What are the prime factors of q(z)?
17
What are the prime factors of 20/80 + (-1710)/(-8)?
2, 107
Suppose -6 = c - 2*c. What are the prime factors of c?
2, 3
Let x(o) = 6*o - 5. Let g(l) = l - 1. Let h(m) = -2*g(m) + x(m). Let t be h(2). Suppose w - 6 = 2*d - 6*d, -d = -3*w + t. What are the prime factors of w?
2
Let v(l) = -12*l + 19. What are the prime factors of v(-6)?
7, 13
Let z = -55 - -115. What are the prime factors of z?
2, 3, 5
Suppose 0 = -4*o + 3 + 9. Suppose b - 34 = -o*z, 2*z + 2*b + 3*b = 27. What are the prime factors of z?
11
Let u be ((-24)/20)/(6/(-20)). Suppose 4*z - 91 = -5*k, -55 = u*z + 4*k - 151. List the prime factors of z.
29
Let p be 2/(-7) + (-477)/21. Let d = p - -35. List the prime factors of d.
2, 3
List the prime factors of 1 - -37 - (-4)/(-4).
37
Let q(w) = w**2 - 3*w - 4. Let a be q(5). Let o be ((-39)/a)/(1/(-2)). Suppose -2*s + o = 5*d, 5*s + 11 = 3*d + 3*s. What are the prime factors of d?
3
Let k = -3 + 14. Let s(l) = l**3 - 10*l**2 - 11*l + 12. What are the prime factors of s(k)?
2, 3
Suppose 3*o + 0 - 3 = 0. Let a be (16/(-2))/((-1)/o). Suppose -4 - a = -3*k. What are the prime factors of k?
2
Suppose 0 = -3*d + 4*q - 41, -2*d - 5*q = -4*d - 39. Let j(r) = -r**2 - 6*r + 8. Let g be j(d). List the prime factors of 6/(g - -2) - -2.
2
Suppose 25 = -5*b + 2*a, -2*b + 3*a - 1 = 20. List the prime factors of 11 + b*6/(-9).
13
Suppose o + 4*d - 10 = 0, -2*d - 8 = -2. Suppose -3*c + 2*r = c - o, 2*c + 4*r = 6. Suppose -2*b + 27 = h, -7 = c*b + 3*h - 76. What are the prime factors of b?
2, 3
Suppose -3*r = -r + 3*z - 2, -20 = 5*z. Suppose -2*t - t = 2*v - r, 0 = v + t - 6. What are the prime factors of v?
11
Suppose -4*w + 3*p + p = -68, 0 = -w - 4*p + 2. Let i = w - 10. What are the prime factors of i?
2
Let k = -129 - -235. List the prime factors of k.
2, 53
Suppose 224 = 3*t + 23. Suppose 96 = 3*i - 4*y, -3*i + 32 = -5*y - t. List the prime factors of i.
2, 7
Let m = -201 - -291. What are the prime factors of m?
2, 3, 5
Suppose -23*j + 104 = -19*j. What are the prime factors of j?
2, 13
Let u(x) = -1. Let n(y) = -y**3 + 6*y**2 - 3*y - 9. Let o(g) = n(g) - 2*u(g). What are the prime factors of o(5)?
3
Let w = 43 - -3. List the prime factors of w.
2, 23
Suppose 3*z = -4*v + 283, -8*v + 3*v - 69 = -z. Suppose 21 = -4*k + z. List the prime factors of k.
17
Suppose l = -3*l + 8. List the prime factors of 10/(-8)*l*-6.
3, 5
Suppose 475 = 5*v + 5*r, -v + 83 = -4*r + 2*r. What are the prime factors of v?
7, 13
Let v(z) = 2*z - 14. What are the prime factors of v(8)?
2
Let d(z) = -6*z**3 + z**2 + 3. List the prime factors of d(-3).
2, 3, 29
Let u(q) = q**2 - 2*q + 3. Let w(l) = -4*l - 9. Let s be w(-6). Let j be 54/s + (-4)/(-10). What are the prime factors of u(j)?
11
Suppose 2*q - s = -0*s + 9, -4*q + 15 = -s. Suppose 0*l + q*l = 0. Suppose 0 = o - 3*p - 6, -2*p - 24 = -2*o - l*p. List the prime factors of o.
3, 5
Let a = 1690 - 2374. List the prime factors of 1/((-4)/a*3).
3, 19
Let l(i) be the third derivative of i**5/20 - i**4/12 + i**3/2 + 3*i**2. List the prime factors of l(-3).
2, 3
Let r(j) = -j**3 + j**2 - j + 7. Let d be r(0). Let s = d + -15. List the prime factors of (-58)/s + 9/12.
2
Let z(s) = s - 4. Let u be z(6). What are the prime factors of 1 + (-1 - -1) + u?
3
Let s = -12 - 2. Let t = s - -6. List the prime factors of ((-6)/t)/((-6)/(-48)).
2, 3
Suppose 2*z + 64 = 2*u, -2*u - 2*u = -20. Let o = z - -55. What are the prime factors of o?
2, 7
Suppose 3*l = 6*l - 27. List the prime factors of l.
3
Let v(y) = -5 + 3*y + 16 - 2*y. Suppose m + 3*x + 1 = 0, -5*m + 3*x - 14 = 27. List the prime factors of v(m).
2
Let g = -33 + 48. Let j = g - 4. What are the prime factors of j?
11
Suppose 0*f + 3*f = -r + 80, 0 = 2*f - 4*r - 58. List the prime factors of f.
3
Suppose 0 = 5*a - 3*t + 11, 3*a + 0*t = t - 5. Let k = a + 4. What are the prime factors of (0 - k)*(-68)/12?
17
Suppose -5*b + 386 - 56 = 0. Suppose 2*v = 42 + b. List the prime factors of v.
2, 3
Let r(g) = -g**3 - 6*g**2 + 3*g + 9. Let l be r(-6). List the prime factors of -1 - -19 - (l - -9).
2, 3
Suppose -5*h + 5*z + 40 = 0, -2*h - 2*z - 4 = -0*h. Suppose -2*l = h*l - 550. Suppose -3*k = 5*q - 105, -2*q - 4*k = 3*q - l. What are the prime factors of q?
2, 3
Let k(d) = 4*d - 5. Let j(b) = -9*b + 11. Let p(r) = 2*j(r) + 5*k(r). What are the prime factors of p(3)?
3
Let n(j) = -8*j + 6. List the prime factors of n